he prime factors of f?
2, 7
Let w be (-6)/9 - (-176)/3. Suppose 5*f + 10 = -0*f, -4*f = -5*a + w. What are the prime factors of a?
2, 5
Suppose o + 3*b - 114 = 0, o - b = -4*o + 650. List the prime factors of o.
3, 43
Suppose -1 = a - 0*a, -5*a = -2*z + 5. Suppose -x + c + c = 0, z = -2*x + 3*c + 1. List the prime factors of (-3)/6 + 17/x.
2
List the prime factors of (2 + (-4 - -8))*(-68)/(-2).
2, 3, 17
Let r(t) = t**2 - 4*t - 7. List the prime factors of r(-8).
89
Suppose 2*d = -2 - 2. What are the prime factors of d*1 - (4 + -13)?
7
Let f = -102 + 188. What are the prime factors of f?
2, 43
Let n = -23 + 38. List the prime factors of (-51)/(-2)*10/n.
17
Let v = -17 + 27. Let j be (-2)/(-8) - (-5 - 75/(-12)). Let x = j + v. What are the prime factors of x?
3
Suppose h - 4*f + 4 = -3, -2*h - 5 = -5*f. Let v(w) = 2*w**2 - 5*w - 7. What are the prime factors of v(h)?
2, 3
Let h = 7 - 10. Let o(v) = -v**3 - 2*v**2 + 4. What are the prime factors of o(h)?
13
Let g = -8 + 2. Let u(p) = -9 + 26*p**2 + p**3 - 21*p**2 - 2*p - 6*p. What are the prime factors of u(g)?
3
Let j(a) = -9*a**3 + a**2 - 1. Let m be j(2). Let c = -47 - m. Suppose 0 = 3*t - 5*t - 5*p + 25, -p - c = -5*t. List the prime factors of t.
5
Let r be 2*(25 + -3)/(-2). Let w = -12 - r. What are the prime factors of w?
2, 5
Let m(k) = -k**2 + k + 2. Let x be m(-2). Let o be (-2)/(-5)*(-20)/x. Suppose -6*y + 12 = -o*y. What are the prime factors of y?
3
Let z(d) = -d**2 + 18. What are the prime factors of z(0)?
2, 3
Suppose x + 4 = 11. Let m(y) = -3*y + 15. Let h(l) = 2*l - 10. Let f(v) = x*h(v) + 5*m(v). What are the prime factors of f(-6)?
11
Suppose -2*a = -5*o + a + 144, o - 2*a = 26. List the prime factors of o.
2, 3, 5
Let a(u) = -u**3 + 5*u**2 + 7*u - 2. Let p be a(6). Let x = -2 + p. Suppose 5*o - 2*o = -2*s + 13, -o + 7 = x*s. What are the prime factors of s?
2
Suppose 9*r - 75 = 6*r. List the prime factors of r.
5
Let u(m) = m**2 + 2*m + 4. Suppose 3*f - 5*f = 10. List the prime factors of u(f).
19
Let g(i) = i**3 + 12*i**2 + 3*i - 5. What are the prime factors of g(-11)?
83
Suppose w = 1 + 2. List the prime factors of w.
3
Let x(h) = -h**2 - 7*h - 4. Let y be x(-7). Let i(v) = v**2 + v + 6. List the prime factors of i(y).
2, 3
Let g be 1*-5*(2 - 3). Suppose 0 = g*i + 4*a + 10, -3*i - 2*a = 2*i. List the prime factors of i.
2
Let t(w) = -3*w + 19. Let n be t(16). Let p(l) = 25*l + 1. Let r be p(2). Let x = n + r. What are the prime factors of x?
2, 11
Suppose 0 = -38*h + 34*h + 112. List the prime factors of h.
2, 7
List the prime factors of (-7 + 22)*(-1 - -2).
3, 5
Suppose -2*c = 5*r - 52, 3*c - 56 = -c + 2*r. List the prime factors of c.
2
Let p = -7 + -1. Let o = 1 - p. What are the prime factors of o?
3
Suppose 5*o - 120 = -0*o. What are the prime factors of o?
2, 3
Let s(w) = 2*w**2 - w - 3. Let l(d) = -4*d**2 - 2*d - 1. Let q be l(-1). What are the prime factors of s(q)?
2, 3
Let z = 4 + -7. Let j be 2 - (1 + (z - -2)). Suppose 0 = -5*a - 2*n - 0*n, j*a + 5*n + 21 = 0. List the prime factors of a.
2
What are the prime factors of (-4)/(2/(-1)) - 819/(-3)?
5, 11
Let y(u) = -8*u - 22. List the prime factors of y(-11).
2, 3, 11
Let l be (492 + -4)/(-4) - 3. Let d = -82 - l. List the prime factors of d.
43
Let n be 1/4*2*0. Suppose n = -t - 3 + 9. What are the prime factors of (-6)/4*(-28)/t?
7
Let j = -5 + 13. Let g = 12 - j. What are the prime factors of g?
2
Suppose -8*v - 240 = -13*v. List the prime factors of v.
2, 3
Suppose 144 = 5*r + 2*n - 22, -3*r + 102 = 2*n. What are the prime factors of r?
2
Let b(u) = u + 1. Let o be b(-12). Let x = o - -17. What are the prime factors of x?
2, 3
Let s = 40 + -22. What are the prime factors of s?
2, 3
Suppose 0 = -w + 28 - 11. What are the prime factors of w?
17
Suppose 0*k = -3*k - 6. Let o = k + -7. Let d = o - -19. What are the prime factors of d?
2, 5
Suppose 5*r - 3 - 32 = 0. Suppose -4*f + r = -21. List the prime factors of f.
7
Let v be (-2)/8 - 12/16. Let d be (3 - 3)/(v - -4). Suppose 4*w - 28 = -d*w. What are the prime factors of w?
7
Let j = 2 + -4. Let a(y) = 2*y - 5. Let w be a(4). What are the prime factors of (15*-1)/(w/j)?
2, 5
Suppose -12 = 4*f - 3*u, -4*f - 12 = 7*u - 4*u. What are the prime factors of ((-1)/f)/(4/336)?
2, 7
Suppose 0*r = 5*r + 5*m - 50, 3*r - 45 = 2*m. Suppose 2 = -2*z - w + 3, 5*w + r = -4*z. Suppose 4*k - z*k = 12. What are the prime factors of k?
2, 3
Let s(z) = -z**2 - 3*z. Let q be s(-4). Let j(o) = 3*o**2 - o + 5. What are the prime factors of j(q)?
3, 19
List the prime factors of 42*1/(12/16).
2, 7
Suppose 9*a = 14*a - 535. List the prime factors of a.
107
Suppose 0 = t - 3 - 230. What are the prime factors of t?
233
Let a be 3/2*(0 + 2). Suppose 0 = -3*z - 3, 3*z + 2 + 10 = -a*v. What are the prime factors of 10 + 6/v + 0?
2
Let h = 163 - 96. Suppose -5*a + 5*t - 22 = -h, 5*a - 13 = -3*t. List the prime factors of a.
5
Suppose 1 = 5*n - 4, 2*s = -n + 75. Let a = 52 - s. What are the prime factors of a?
3, 5
Suppose 0 = -2*y - 0*y. Suppose -215 + 51 = -4*k - 3*p, -k + 3*p = -26. Suppose y = z - 5*g - k, -4*z - 3*g + 12 = -25. List the prime factors of z.
13
Let b(q) = 2*q - 2. Let r be b(2). Let o(g) = 4*g + 1. Let a be o(r). Let s(t) = -t + 17. What are the prime factors of s(a)?
2
Suppose 0*n = -3*n + 6. Suppose n*t - 28 = 14. List the prime factors of t.
3, 7
Let h(m) = 3*m. Let j(w) = -w + 0*w + 8 + 0*w. Let d be j(6). What are the prime factors of h(d)?
2, 3
Let v be 6/(0 - 3) + 7. Let k(m) = 2*m + 2. What are the prime factors of k(v)?
2, 3
Suppose -4 - 6 = 5*q. List the prime factors of (22/5)/(q/(-10)).
2, 11
Let w(u) = 3*u. Let b(s) = -19*s. Let a(r) = 6*b(r) + 39*w(r). Let m be a(1). List the prime factors of (6/m + -3)*-7.
7
Suppose 0 = -4*h + 2*z + 36, -4*h + 0*z - 2*z = -36. List the prime factors of (12/h)/(2/6).
2
Let l(f) = -22*f - 2. List the prime factors of l(-7).
2, 19
Suppose -f - 2*i = 34, f - 4*f - 67 = -i. What are the prime factors of 1/6 - 260/f?
11
Suppose -3*o + 6 = -0*o. Suppose -2*c + 1 = 4*s - 29, 0 = -3*c - o*s + 45. What are the prime factors of c?
3, 5
Let k(z) = -z**3 - 14*z**2 - 14*z - 10. What are the prime factors of k(-13)?
3
Let a = 6 + -3. Suppose 5*n - 5*x = -2*x - 3, -a*x = -3. Suppose r - 2 = -n. List the prime factors of r.
2
Suppose 3*h - 307 = 5*k, -2*k = -6*h + 7*h - 106. Suppose -5*r - 4 + h = 0. Suppose 4*m = r, -2*m - 48 = -5*d - 3. List the prime factors of d.
11
Suppose 4*t + 2*x = 14, -7*t + 4*t = -2*x. Suppose -28 = -0*w - t*w. List the prime factors of w.
2, 7
Let d(i) = i**2 - 2*i - 1. Let w be d(5). Suppose -z + w = z - 3*c, 2*c - 47 = -3*z. What are the prime factors of z?
13
Suppose 2*t - 104 = -f + 2*f, 4*t + f = 196. List the prime factors of t.
2, 5
Suppose 0 = -0*s + s, 3*s = 2*g - 14. List the prime factors of g.
7
Let u be (9/(-6))/(3/(-8)). Let s(v) = 2 + u - 3 - 4 + 10*v. List the prime factors of s(1).
3
Let t(h) = -4*h**2 - 8*h + 6. Let p(c) = -4*c**2 - 7*c + 5. Let j(r) = -5*p(r) + 4*t(r). List the prime factors of j(2).
3, 7
Let p = 0 + 2. Let k(x) = p*x**2 + x**2 + x**3 - 6*x - 6 + 0. List the prime factors of k(-4).
2
Let k(b) = 35*b**3 + 3*b - 2. List the prime factors of k(1).
2, 3
Let z(x) = x**3 + x + 2. Let u be z(0). Suppose -3*p = u*p - 20. Suppose 0 = p*m - 2 - 6. List the prime factors of m.
2
Suppose 4*w + m = 4*m - 129, -3*m + 99 = -3*w. Let y = w + 49. What are the prime factors of y?
19
Let i be 1*(13 + 1 + 2). Let f = -4 + i. What are the prime factors of f?
2, 3
Let d be 1/((3/(-3))/4). What are the prime factors of 11/2 - d/8?
2, 3
What are the prime factors of ((-134)/6)/(((-152)/(-48))/(-19))?
2, 67
Let p(s) = s - s**3 + 0*s**2 + 2*s**3 + 3*s**2 - 2*s. Suppose -10 = 2*w + 3*w. What are the prime factors of p(w)?
2, 3
Let w = 24 - -6. List the prime factors of w.
2, 3, 5
Let f = 36 - 19. Let m = f + 3. Suppose m = -2*p + 6*p. What are the prime factors of p?
5
Suppose 4*n - n = -2*f + 972, 0 = -5*f - 15. List the prime factors of n.
2, 163
Suppose -4*g = -0 + 16. What are the prime factors of (-10)/g*6/3?
5
Let k(t) be the third derivative of -t**5/60 - t**4/3 - t**3/2 + 2*t**2. What are the prime factors of k(-6)?
3
Let x be (-4362)/(-21) + 6/21. Suppose -x = -2*b - 2*b. List the prime factors